he prime factors of x.
11
Let v = 9 + -3. What are the prime factors of v?
2, 3
Let v be ((-12)/5)/((-3)/10). What are the prime factors of (-66)/(-4) - (-4)/v?
17
Let v(f) = f - 4. What are the prime factors of v(6)?
2
Let m(v) = -v**2 - 8*v - 1. Let o be m(-7). Let z(k) = 2*k - 9. What are the prime factors of z(o)?
3
Let b(k) = -3*k + 3. Let a be b(2). Suppose -5*g + 48 = -4*u, 2*g = 2*u - 0*u + 26. Let l = a - u. List the prime factors of l.
2, 7
Let d(q) = -5 + 0*q + 2 - q. What are the prime factors of d(-6)?
3
Let h = -134 + 225. List the prime factors of h.
7, 13
Suppose -4*f + 30 = -3*f - 4*a, 5*f - 4*a = 118. List the prime factors of f.
2, 11
Let d = -11 - -7. Let x be 1/d + 495/12. Suppose -2*y + a + 35 = y, 0 = -3*y + 4*a + x. List the prime factors of y.
11
Let o(x) = -x - 14. Let u(v) = -v - 15. Let z(c) = 3*o(c) - 4*u(c). What are the prime factors of z(0)?
2, 3
Suppose j = 4*n - n + 59, 5*j + 5*n = 275. What are the prime factors of j?
2, 7
Let y(i) = i**2 - 5*i + 6. Suppose 0 = 2*p - 5*p + 12. What are the prime factors of y(p)?
2
Suppose -113 - 210 = -3*x + 4*i, 2*x - 3*i - 216 = 0. List the prime factors of x.
3, 5, 7
Let m = 241 - 132. What are the prime factors of m?
109
Let k(h) = h**3 + 2*h**2 - h + 62. List the prime factors of k(0).
2, 31
Let p = 249 + -190. List the prime factors of p.
59
Let j(s) = 11*s + 4 - 3 - 3. List the prime factors of j(2).
2, 5
Let u(s) = -2*s**3 - 6*s**2 - s - 4. Let y be u(-4). Suppose 3*q = -q + y. Let g = -5 + q. What are the prime factors of g?
3
Suppose 2*q - 12 = -q - 3*x, 0 = q - 3*x. List the prime factors of (-136)/(-12)*q/2.
17
List the prime factors of 4/7 + 220/7.
2
Let o be (-2)/(-8) - (-42)/(-8). Let w(b) = -b - 3. Let h be w(o). What are the prime factors of (-3)/h*48/(-9)?
2
Let c = -6 - -5. Let f(v) = -6*v - 1. What are the prime factors of f(c)?
5
Suppose -71 = -5*k - s, -2*k + 4*s = -20 - 26. List the prime factors of k.
3, 5
Let l(t) = 70*t + 50. What are the prime factors of l(4)?
2, 3, 5, 11
Let v(c) = -c**3 + c**2 + 4*c + 1. Let z be v(3). Let a be 2*4/(-3 - z). Suppose -l + 1 = -a. List the prime factors of l.
5
Let q be ((-156)/18)/(2/(-15)). Let d be q - 1/(-2 + 1). What are the prime factors of d/9 - (-2)/3?
2
Let m(c) = 2 + c**2 - 32*c + 1 + 28*c. List the prime factors of m(6).
3, 5
Let t = -17 + 10. List the prime factors of (-166)/t + 14/49.
2, 3
Let r be (-14)/(-18) + (-8)/(-36). Suppose -1 = -y + r. What are the prime factors of y?
2
Let z be (-1 + 0)*(6 + 1). Let r(o) = -3*o + 3. List the prime factors of r(z).
2, 3
Suppose 2*f = 2*t + 4, -4*f + 9 = -t - 5. List the prime factors of (0 + -9)/((-6)/f).
2, 3
Let s(d) = -d**2 - d + 7. Suppose -p - j = -4, 0*p - 2*p - j + 6 = 0. Let u = -2 + p. What are the prime factors of s(u)?
7
Let w be 4 - (6 - 3) - -1. Suppose -5 - 5 = -w*q. What are the prime factors of q?
5
Let s = 11 - -6. What are the prime factors of (-3)/(-2)*(s - -1)?
3
Let w = 174 - 92. What are the prime factors of w?
2, 41
Suppose -10 = w - 6*r + 3*r, -2*w = -3*r + 5. Let x(v) = 9*v - 6. What are the prime factors of x(w)?
3, 13
Suppose 9*o = 13*o - 360. What are the prime factors of o?
2, 3, 5
Let a = 14 - -15. List the prime factors of a.
29
Suppose 0 = 2*r - 61 - 21. List the prime factors of r.
41
Let b(f) = f**3 + 4*f**2 + f. Let s be b(-5). What are the prime factors of (-265)/s + (-2)/(-12)?
3
List the prime factors of (-2 - -5)/(60/6280).
2, 157
Let b be (-4)/14 + (-16)/(-7). List the prime factors of 4 + b/(4 - 2).
5
Suppose 63*t = 60*t + 270. What are the prime factors of t?
2, 3, 5
Let u be ((-6)/4)/((-1)/(-2)). Let o(y) = 3*y + 3. Let t be o(u). Let i = t - -12. What are the prime factors of i?
2, 3
What are the prime factors of (1/(-2))/((-16)/1952)?
61
Let r be 8/(-6)*(-6)/4. Let p be (-2)/(-9) + 318/27. Suppose -r*g + 12 = -p. List the prime factors of g.
2, 3
Let m(g) = 4*g**2 + 4*g + 2. Let x(n) = -n**2 - n. Let k be x(1). List the prime factors of m(k).
2, 5
Suppose -5*w + 2*i + 878 = 0, -186 = -2*w + w + 3*i. List the prime factors of w.
2, 3, 29
Suppose 0 = -5*y + 3*b + 16, 3*y + 3*b - b = 21. Suppose -y*g - 31 = -81. What are the prime factors of g?
2, 5
Suppose -4*i = 5*g - 33, -2*g = -4*i + 2*g - 12. Suppose i*a - 130 = -3*a. List the prime factors of a.
2, 13
Let d(p) = 3*p**2 - 31*p - 4. Let t(j) = j**2 - 10*j - 1. Let b(h) = 2*d(h) - 7*t(h). Suppose -5*x = -6 - 24. List the prime factors of b(x).
11
List the prime factors of 8/20 + 528/5.
2, 53
Suppose f = -4*f. Suppose -3*o + 3*j = 12, 0 = -o - j - 1 + 5. Suppose o = 5*y - 4*v - 61, f*v - 4*v - 7 = y. List the prime factors of y.
3
Let l = -8 - -12. Let a = 6 - l. Suppose -a*q - 26 = -4*y, -5*y + q + q = -32. What are the prime factors of y?
2, 3
Suppose -3*u + 15 = -0. Suppose 4*l - 58 = -u*p, 5*l - 32 - 30 = -p. List the prime factors of l.
2, 3
Suppose -3*t = 2*b - 11, 4*b - b - 4*t = -9. What are the prime factors of (4*3 + b)/1?
13
Suppose -5*y + 12 + 8 = -t, 15 = -y + 4*t. Let h(w) = 3 - 5 + 1 + 4 + y*w. List the prime factors of h(3).
2, 3
Let d be 11*9/(-15)*-10. Suppose 0 = 5*o - 226 + d. List the prime factors of o.
2
Let y(b) = b - 5. Let x be y(4). Let f be 3/6*(-17 + x). What are the prime factors of (18/5)/(f/(-30))?
2, 3
Let c be (2/5)/((-11)/(-55)). What are the prime factors of (-92)/(-4) + c/(-2)?
2, 11
Suppose 4*b = -b. Suppose b = -l - 3*l + 72. Let d = 32 - l. List the prime factors of d.
2, 7
What are the prime factors of (26/4 + -3)*6?
3, 7
Suppose 0*a + 185 = 5*a. Suppose 0*c + 4*c = 3*t + a, 4*t - 9 = -3*c. List the prime factors of c.
7
Let w(h) = -h**3 + 6*h**2 - 4*h - 1. Let m be w(5). Suppose 3*j + 23 = m*j. What are the prime factors of j?
23
What are the prime factors of 10/(-8) - -1 - 282/(-8)?
5, 7
Let p be (-9)/3 - (-14)/2. Suppose -24 = -p*i + 52. What are the prime factors of i?
19
Suppose 0 = -0*p + 3*p - 3*q - 6, -4*q = -5*p + 12. Suppose 3*o + 50 = 2*s + p, -8 = -2*o. What are the prime factors of s?
29
Let i(n) = n**3 - 9*n**2 - 2. Let w be i(7). Let h be ((-1)/2)/((-2)/w). Let g = -14 - h. What are the prime factors of g?
11
Suppose 16 = 4*i - 6*i. Let f = 1 + -175. What are the prime factors of f/i + 3/12?
2, 11
Let m be ((-6)/8)/((-2)/(-16)). Let o be m/(-9) + 44/6. Let z(j) = j**3 - 7*j**2 - 8*j + 10. What are the prime factors of z(o)?
2, 5
Suppose 0 = -2*i + 3*f - 10, -5 = 4*i + 2*f - 1. List the prime factors of 0 - -2 - 28/i.
2
Let o(p) = 2*p**2 + 1. Suppose 3*m = 5*y, 0 = -7*y + 3*y + 5*m - 13. Let l be (3/(y/2))/(-2). What are the prime factors of o(l)?
3
Let j be 6/(-4)*(-3 - 3). Suppose j = w - 12. What are the prime factors of w?
3, 7
Let k = -8 + 11. Suppose -k*b + b + 10 = 0. List the prime factors of b.
5
Suppose 2*a = 3*a + 3. Let f = 25 + -22. What are the prime factors of (4 - (-5 + f)) + a?
3
Suppose -3*g - 196 - 17 = 0. Let r = g - -49. Let t = r - -31. What are the prime factors of t?
3
Suppose 4*f - f = -p + 191, 0 = -f - 3*p + 61. List the prime factors of f.
2
Let h(a) = -20*a - 8. List the prime factors of h(-7).
2, 3, 11
Suppose -4*t = -q - 622, -3*t = -0*t - 3*q - 462. What are the prime factors of t?
2, 3, 13
Suppose -150 = 16*x - 21*x. Let l be ((-24)/(-2))/((-2)/(-3)). Let i = x - l. What are the prime factors of i?
2, 3
Let k(s) = -6*s + 1. Let o be 3/1 - 4/(-2). Suppose z - m + o = 0, 5 = m + 2. List the prime factors of k(z).
13
What are the prime factors of (-1)/7 + (-2160)/(-28)?
7, 11
Suppose 3*h - 11 = 2*z, -3*z + 2*z - 8 = -4*h. List the prime factors of z/(-12) - 11/(-3).
2
List the prime factors of (-15)/(-10) - 54/(-4).
3, 5
Suppose 2*c - 5*v - 126 = -10*v, 166 = 2*c - 5*v. List the prime factors of c.
73
Let o be 266/(-10) - (-2)/(-5). Let v = o - -55. List the prime factors of v.
2, 7
Let z(l) = -l + 1. Let i be z(2). Let j be -1 - i - (-1 - -2). What are the prime factors of j*(2 - (-36)/(-3))?
2, 5
Let n(m) = 3*m**2 - m + 1. Let q be (-1)/(2/(-8)*2). Let a = 0 + q. What are the prime factors of n(a)?
11
Suppose -x + 2*a = -122, x - 5*a = -4*x + 615. List the prime factors of (3/(-6))/((-2)/x).
31
Let n(h) = 26*h**2 + 2*h - 2. Suppose 2*w = 3*m + 3, 3*w + 15 = 3*m + 7*w. List the prime factors of n(m).
2, 13
Suppose -120 = -4*l - 2*x - 0*x, -x + 91 = 3*l. What are the prime factor